Give q(-3).
-142
Let b(t) = t**3 - t**2 - 41*t + 4. What is b(7)?
11
Let z(i) = -i**2 - 11*i + 9. What is z(-11)?
9
Let k(l) = 2*l**2 - 2. Calculate k(2).
6
Let q(f) = -f**3 - 11*f**2 - 13*f + 12. Calculate q(-10).
42
Let i(j) = -9*j**2 - 5*j - 1. Calculate i(-2).
-27
Let g(t) = t**2 + t - 23. Calculate g(-8).
33
Let w(n) = n**3 - 14*n**2 + 31*n + 21. What is w(11)?
-1
Let c(o) = 6*o**3 + o**2 + 3*o + 3. Give c(-2).
-47
Let t(g) = -8*g + 5. Determine t(-18).
149
Let a(v) = 20*v**2 + 99*v - 8. Determine a(-5).
-3
Let f(h) = h**3 - 13*h**2 + h + 7. What is f(13)?
20
Let a(h) = -3*h + 39. What is a(19)?
-18
Let c(a) = 2*a + 5. Determine c(2).
9
Let n(y) = 3*y - 16. Calculate n(9).
11
Let i(p) = 11*p - 31. Determine i(7).
46
Let s(k) = -55*k**3 - k**2. Give s(-1).
54
Let a(r) = 20*r - 177. Determine a(9).
3
Let n(r) = r**3 - 11*r**2 + 33*r - 11. Give n(6).
7
Let l(h) = -3*h**3 - h - 1. Calculate l(-1).
3
Let t(l) = -2*l - 65. Calculate t(0).
-65
Let t(w) = -w**3 - 2*w**2 - w + 1. What is t(-3)?
13
Let j(v) = v**3 + v**2 + v + 56. Calculate j(0).
56
Let h(o) = o**2 + 6*o + 13. Determine h(-5).
8
Let p(m) = -m**3 + 6*m**2 + 6*m - 3. Calculate p(5).
52
Let w(c) = 6*c - 6. Give w(-3).
-24
Let v(c) = 2*c**2 - 10*c - 1. Give v(8).
47
Let p(b) = b**3 + 7*b**2 + 11*b + 27. What is p(-6)?
-3
Let r(j) = 3*j + 3. Determine r(-4).
-9
Let c(q) = -11*q - 65. Give c(-9).
34
Let p(n) = -4*n**2 - 12*n - 6. What is p(-3)?
-6
Let k(p) = 3*p**2 - 17. Give k(-4).
31
Let z(l) = -l**3 + 8*l**2 - 4*l - 2. Determine z(4).
46
Let f(w) = -3*w**2 + 142*w - 54. Give f(47).
-7
Let s(u) = u**2 - 9*u - 10. Calculate s(10).
0
Let m(v) = v**2 - 5*v - 3. Calculate m(-7).
81
Let f(q) = 2*q + 49. Give f(26).
101
Let a(d) = 4*d + 3. What is a(5)?
23
Let f(k) = 16*k**2 - k - 5. Calculate f(0).
-5
Let w(q) = 2*q**2 + 9*q - 27. Give w(-6).
-9
Let z(q) = -q**3 + 11*q**2 + 12*q - 8. Calculate z(12).
-8
Let t(y) = y**2 + 3. Determine t(-1).
4
Let z(k) = -k**3 - 4*k**2 + 2*k + 11. Calculate z(-4).
3
Let b(d) = 2*d + 18. Give b(-12).
-6
Let t(n) = -3*n + 2. What is t(2)?
-4
Let a(o) = o + 7. Determine a(-8).
-1
Let t(d) = -d**3 + 5*d**2 + 14*d - 68. Calculate t(4).
4
Let t(u) = 3*u**2 - 12*u + 4. Give t(-5).
139
Let z(k) = -2*k - 20. Calculate z(-20).
20
Let h(i) = 2*i**2 + i - 1. Determine h(-3).
14
Let p(s) = -s**2 + 95*s - 535. Give p(6).
-1
Let x(i) = 2*i + 24. Calculate x(-14).
-4
Let j(s) = s - 8. Determine j(11).
3
Let z(k) = 9*k - 59. Calculate z(5).
-14
Let a(v) = -22*v - 3. What is a(1)?
-25
Let a(k) = -k + 1. Give a(-2).
3
Let b(i) = i**2 + 12*i - 14. Calculate b(-11).
-25
Let l(c) = c**2 - 12*c - 21. Determine l(11).
-32
Let x(j) = -j - 9. Give x(-5).
-4
Let f(j) = -j**2 + 4*j + 4. Give f(7).
-17
Let u(p) = -p**2 + p + 4. Give u(5).
-16
Let d(y) = -y**3 + 3*y**2 - 6*y + 13. What is d(3)?
-5
Let m(q) = -q**3 + 2*q**2 + 7*q + 4. Give m(4).
0
Let z(i) = -i**3 + 6*i**2 - 4*i + 14. Determine z(6).
-10
Let r(c) = 2*c**3 + 59*c**2 - 25*c + 140. What is r(-30)?
-10
Let h(u) = u**2 + 7*u + 4. Give h(-5).
-6
Let o(j) = 10*j - 4. Calculate o(5).
46
Let u(j) = -77*j + 1466. What is u(19)?
3
Let f(c) = 4*c**2 - 24*c - 10. Calculate f(7).
18
Let l(c) = c**3 - 2*c**2 - 6*c + 13. Calculate l(-3).
-14
Let k(g) = -g**3 - 10*g**2 - 7*g + 9. Calculate k(-8).
-63
Let m(k) = -k**3 + 5*k**2 - 13*k + 109. Determine m(6).
-5
Let j(p) = p**3 - p**2 + 3*p + 7. Determine j(-3).
-38
Let i(m) = m**2 + 13*m + 1. Give i(-12).
-11
Let a(c) = -c**2 + 8*c. Determine a(6).
12
Let b(u) = u**3 - 11*u**2 + 14*u - 4. Give b(10).
36
Let b(n) = -n**2 - 9*n - 13. Give b(-9).
-13
Let h(n) = -3*n + 3. Calculate h(0).
3
Let p(s) = s**3 - 11*s**2 + 9*s + 3. Calculate p(10).
-7
Let k(d) = 33*d**2 + 496*d + 20. Determine k(-15).
5
Let z(o) = o**3 - 4*o**2 + 2*o + 6. Calculate z(5).
41
Let q(n) = -n**2 - 17*n - 66. Determine q(-5).
-6
Let g(y) = -9*y**2 - 6*y - 5. Calculate g(-3).
-68
Let x(j) = 3*j**3 - 4*j**2 - j + 4. What is x(-2)?
-34
Let p(m) = 36*m + 3. What is p(-1)?
-33
Let u(n) = 2*n**3 + 5*n**2 + 7*n + 7. Calculate u(-3).
-23
Let x(d) = d**3 + d**2 - 7*d + 4. Calculate x(-4).
-16
Let t(p) = -p**2 + 7*p - 12. Determine t(6).
-6
Let m(g) = g**2 + 52*g - 409. Calculate m(7).
4
Let a(w) = w + 3. Determine a(-3).
0
Let r(k) = k - 47. Determine r(10).
-37
Let l(y) = 2*y**3 - 20*y**2 + 2*y - 21. Calculate l(10).
-1
Let b(o) = o**3 - 26*o**2 - 38*o + 291. Calculate b(27).
-6
Let b(f) = f**3 + 13*f**2 + 3*f + 22. Give b(-13).
-17
Let d(x) = -2*x**2 + 16*x - 36. What is d(8)?
-36
Let c(t) = -2*t**3 + 6*t**2 - 5*t + 6. Give c(4).
-46
Let m(i) = -i**2 - 16*i + 53. Calculate m(3).
-4
Let r(j) = j**3 + 5*j**2 - 7*j - 6. Calculate r(-5).
29
Let z(u) = u**2 - 10*u + 12. What is z(7)?
-9
Let x(q) = q**2 + 7*q - 22. Calculate x(-9).
-4
Let d(q) = -q**3 + 4*q**2 + 43*q + 20. Calculate d(9).
2
Let n(m) = m**2 - 7*m + 6. Calculate n(7).
6
Let o(b) = b**2 - 16*b + 41. What is o(24)?
233
Let h(p) = -p**3 + 13*p**2 - 12*p. Give h(12).
0
Let d(a) = -a**3 + 3*a**2 + 7*a + 4. Give d(5).
-11
Let n(j) = j**3 + 11*j**2 + 35*j + 2. What is n(-7)?
-47
Let m(y) = y - 1. Calculate m(-9).
-10
Let m(u) = -36*u**3 + u. What is m(1)?
-35
Let i(x) = 5*x**2 - 4*x + 1. Give i(-2).
29
Let v(w) = 4*w**3 + w**2 + w. Determine v(2).
38
Let s(u) = u**3 + 16*u**2 - 14*u + 2. What is s(-17)?
-49
Let o(d) = 20*d**3 + d**2. What is o(-1)?
-19
Let l(b) = 13*b**2 - 3*b - 5. Determine l(-2).
53
Let w(f) = -23*f**2 - 10*f + 9. Determine w(1).
-24
Let x(o) = -o**2 - 15*o + 107. Calculate x(-20).
7
Let o(v) = -10*v - 24. Calculate o(-3).
6
Let z(g) = g**3 - 77*g**2 + 6*g - 461. What is z(77)?
1
Let h(v) = -46*v + 41. Give h(1).
-5
Let a(r) = -r**3 - 20*r**2 + 95*r - 14. Calculate a(-24).
10
Let l(y) = -y**2 - 21*y - 81. Determine l(-14).
17
Let u(i) = -i**2 - 3*i + 9. What is u(4)?
-19
Let p(a) = -a**2 + 6*a + 9. Give p(5).
14
Let q(o) = -14*o**2 + 56*o. What is q(4)?
0
Let l(d) = d**3 + 9*d**2 - 9*d + 14. What is l(-10)?
4
Let l(g) = -g**3 + 2*g**2 - 2*g - 4. Calculate l(2).
-8
Let l(o) = 2*o**2 - 4*o + 2. Give l(4).
18
Let f(t) = t**3 - 7*t**2 + 4*t - 3. Calculate f(6).
-15
Let q(m) = -m**3 + 9*m**2 + 19*m - 97. Give q(10).
-7
Let w(k) = 2*k**3 - 2*k - 4. What is w(-2)?
-16
Let o(c) = -c**2 - c + 43. Determine o(0).
43
Let s(w) = w**3 + 5*w**2 - 6*w - 3. What is s(-6)?
-3
Let w(s) = -s**3 - 11*s**2 + 8*s + 6. What is w(-12)?
54
Let n(b) = -3*b + 25. What is n(8)?
1
Let m(o) = o**3 - 15*o**2 + 23*o - 117. Calculate m(14).
9
Let l(n) = -7*n - 124. Determine l(-7).
-75
Let m(s) = -s**3 - 13*s**2 - 31. Give m(-13).
-31
Let o(t) = -t**3 - 25*t**2 + t + 54. Give o(-25).
29
Let f(b) = -2*b - 37. Determine f(-17).
-3
Let u(q) = q - 33. What is u(17)?
-16
Let s(q) = -q**3 - 15*q**2 - 13*q - 1. Give s(-14).
-15
Let z(p) = -3*p - 23. Calculate z(-8).
1
Let t(s) = -s**2 + s + 27. What is t(5)?
7
Let g(r) = r**2 + 5*r - 5. Determine g(-8).
19
Let t(p) = -p**2 - p - 19. What is t(0)?
-19
Let k(j) = j**3 - 4*j**2 + 2*j - 6. Determine k(4).
2
Let g(q) = 2*q**3 + 31*q**2 - 14*q + 38. Give g(-16).
6
Let a(b) = -2*b**3 + 17*b**2 + 12*b - 24. What is a(9)?
3
Let m(f) = -2*f**3 - 28*f**2 - 24*f + 1. Calculate m(-13).
-25
Let w(n) = -5*n - 20. Calculate w(-6).
10
Let z(b) = 8*b + 120. Calculate z(-17).
-16
Let y(i) = -i**3 + 16*i**2 - 44*i + 9. Give y(13).
-56
Let n(f) = f**2 + 17*f - 29. Give n(-19).
9
Let f(b) = b**2 - 9*b + 23. What is f(11)?
45
Let p(m) = -6*m - 7. Determine p(-6).
29
Let b(h) = h**2 + 15*h + 4. Determine b(-13).
-22
Let l(h) = 73*h + 9. Give l(1).
82
Let r(l) = 16*l + 222. What is r(-14)?
-2
Let r(y) = -y**3 + 3*y**2 + 8*y + 54. What is r(6)?
-6
Let y(n) = 2*n**2 + 23*n - 26. Calculate y(-13).
13
Let a(z) = z + 33. Give a(-6).
27
Let w(d) = 15*d**2 - 2*d. Give w(-2).
64
Let d(u) = 9*u + 6. Calculate d(5).
51
Let y(i) = -i**2 + 9*i - 4. What is y(7)?
10
Let g(o) = o**3 - 15*o**2 - 19*o + 25. Calculate g(16).
-23
Let m(v) = 51*v - 10. Determine m(2).
92
Let a(h) = -h**2 - 3*h - 6. Calculate a(6).
-60
Let x(d) = -d**3 + 26*d**2 + 27*d - 2. What is x(27)?
-2
Let d(b) = -b**2 + 17*b + 2. What is d(9)?
74
Let o(s) = 2*s**2 - 40*s - 5. Calculate o(20).
-5
Let l(t) = -t**3 - 6*t**2 + 5. Calculate l(-5).
-20
Let j(b) = 167*b - 4. What is j(-1)?
-171
Let r(n) = -n**2 + 29*n - 5